-3*f - c. What are the prime factors of f?
2, 3
Let g = 5 - 0. Suppose -g - 3 = -4*i. Suppose 0 = 2*q + i*f - 68, 3*q + 5*f - 141 = -q. List the prime factors of q.
29
Let p = 26 + -16. Let w be ((-44)/(-5))/(2/p). Suppose -28 = -4*k + w. List the prime factors of k.
2, 3
Suppose 5*z - t - 2*t - 18 = 0, 3*z + 5*t = 4. Suppose -4*s = 4*i - 456, 0 = -i - 2*s - 3*s + 110. Suppose -2*m = z*m - i. List the prime factors of m.
23
Suppose 0 = 45*r - 36*r - 27801. What are the prime factors of r?
3089
Let p be 3 + (0 - 0)/(0 + 3). Suppose 150 + 222 = p*l. What are the prime factors of l?
2, 31
Let v = -8 - -13. Suppose 120 = -4*b + x + x, -v*x - 120 = 4*b. What are the prime factors of b/50 - (-168)/5?
3, 11
Let i(u) = -u**3 + u**2 + 5*u. Let p(x) = 2*x**3 - 2*x**2 - 10*x + 1. Let q(r) = 5*i(r) + 3*p(r). Suppose 3*m - 8 = 1. List the prime factors of q(m).
2, 3
Let d be -1 - (-726 + 0)/2. Suppose 4*f - d + 69 = s, 5*f = s + 366. What are the prime factors of f?
73
Let d(c) = -c - 1. Let u be d(3). Let g(k) = k**2 + 4*k - 1. Let m be g(u). List the prime factors of (47 + m)/(-2 + 4).
23
Let b = -533 - -2935. What are the prime factors of b?
2, 1201
Let k(m) = -m**3 - m**2 + 3*m + 1. Let x be k(-3). Let g(c) = 8*c - 15. What are the prime factors of g(x)?
5, 13
Suppose -9606 = -19*a + 236. List the prime factors of a.
2, 7, 37
Suppose g = 3*l - 364, -16 = -3*g - 10. What are the prime factors of l?
2, 61
Suppose -30905 = -54*b + 47179. What are the prime factors of b?
2, 3, 241
List the prime factors of (-13475)/(-27) - (8 + (-1712)/216).
499
Let y(j) = -j + 16. Let q be y(12). Let t be (-1)/2 + 818/q. Suppose d + 3*d = t. List the prime factors of d.
3, 17
Suppose -17*t = -129*t + 215936. List the prime factors of t.
2, 241
Let g = -158 + 361. Let o = -126 + g. List the prime factors of o.
7, 11
Let g(z) = 1001*z + 2. What are the prime factors of g(1)?
17, 59
Suppose 0*g + 8 = -4*g - 4*l, -2*g = 3*l + 8. Suppose -3*i + 6*i = -9. List the prime factors of (-3)/(i/2)*g.
2
Let k be (1 - 3/5)*10. Suppose 3*h + 505 = -254. What are the prime factors of h/(-5) + k/10?
3, 17
Suppose 35 = -12*f + 59. Let u be (1 - -1)/(2 + -1). Suppose 2*r = -f*t + 5*t + 45, -r - u*t + 12 = 0. What are the prime factors of r?
2, 3
Let y be -27 - (-5)/((-15)/9). Let n = -28 - y. Suppose z + n*u = -z + 42, -z + 5*u = -39. What are the prime factors of z?
2, 3
Let x(t) = t**3 + 4*t**2 - 2*t - 5. Let g be x(-4). Suppose u + 0*u = g. Suppose u*v + 88 = 7*v. List the prime factors of v.
2, 11
Let p = -1092 - -3962. What are the prime factors of p?
2, 5, 7, 41
Let c = 13 - 6. List the prime factors of c/3 - (-2)/(-6).
2
Suppose 0 = -35*f + 4490 + 62290. List the prime factors of f.
2, 3, 53
Let l be (-4)/(375/(-370) - -1). Suppose -12*o - l = -20*o. List the prime factors of o.
37
Suppose -5*c + 313 = 4*y, 2*y - 273 = -2*y + 3*c. Suppose -2*b - y = 2*b. List the prime factors of ((-12)/b)/((-2)/(-78)).
2, 13
Suppose -4*r = -2*r - 8. Let t be -8 - (4/r + -2). Let i = t + 53. List the prime factors of i.
2, 23
Suppose -75*j = -80*j + 1205. What are the prime factors of j?
241
Let r(y) = -16*y + 1. Let g be r(-12). Let w = g - 103. What are the prime factors of w?
2, 3, 5
Let f = 19 + -9. Let u = f + -7. List the prime factors of 3/u*(-78)/(-3).
2, 13
Suppose 501*o - 6456 = 495*o. List the prime factors of o.
2, 269
Let m be (-3 + 4)/(1/195). Suppose -5*j = -3*o - 540, -2*j + 3*o - m = -4*j. What are the prime factors of j?
3, 5, 7
Suppose -a = 5*o - 10505, -a - 9422 = -3*o - 3111. What are the prime factors of o?
2, 1051
Let x be -4*1 + 3 - 7. Let r = -3 - x. Suppose -3*f - 62 = -2*b, 3*b - r*f + f = 93. List the prime factors of b.
31
Suppose -2124 - 2232 = -12*j. List the prime factors of j.
3, 11
Let x be 96/(-8)*26/(-6). Let g be 23/(-2 + 108/x). What are the prime factors of 12/42 + g/7?
43
Suppose 0 = 2*q - d - 26, -3*q + 0*d = 3*d - 30. Let s(u) = -u**2 + 14*u - 12. Let h be s(q). What are the prime factors of (-12)/(-72) - (-106)/h?
3
Let d = -19 + 36. Suppose 3*n + 46 = -2*g, -2*g = -n - 3*g - d. Let s(y) = y**3 + 11*y**2 - 12*y + 9. What are the prime factors of s(n)?
3
Let y = 12 + -15. Let r(l) = -l**3 + 3*l**2 - 4*l - 2. What are the prime factors of r(y)?
2
List the prime factors of (5 - 8)/(((-7)/(-4193))/(-1)).
3, 599
Suppose -3*t + 626 = 5*v, 5*t - v - 1033 = v. What are the prime factors of t?
3, 23
What are the prime factors of (105/(-14))/(6*(-3)/120)?
2, 5
Suppose 0 = -2*m - 2*g + 26, 5*m - 2*g - 45 = 13. Suppose -7*r + 11*r = m. Suppose 2*n = -r*n + 160. What are the prime factors of n?
2
Suppose -14*p = -9*p - 210. Suppose 43*z - p*z = 69. What are the prime factors of z?
3, 23
Suppose -4*w - g = -3503, 5*g - 3937 - 438 = -5*w. What are the prime factors of w?
2, 3, 73
Suppose 0 = k + 2*x - 82, -4*k + 308 = 4*x - 0*x. Suppose 243 = 5*f - k. What are the prime factors of f?
3, 7
What are the prime factors of 699 + 3 - (-4 - -2)?
2, 11
Let z be 0 + 0 + (0 - -1). Let d(b) be the second derivative of 11*b**4/6 - b**3/3 + b**2/2 + 8*b + 4. What are the prime factors of d(z)?
3, 7
Let h be 35/11 - 4/22. Suppose -4*i - 143 = -3*s, 7*s - 200 = h*s - 4*i. What are the prime factors of s?
7
Suppose -4*l + 3849 = 3*x, 8*x + 2 = 6*x. List the prime factors of l.
3, 107
Let b(n) = -386*n - 433. What are the prime factors of b(-6)?
7, 269
Suppose 0 = -3*u - 2*p + 8, 3*p + 2 = u + 3. Let l(y) = 5*y - y**3 + 1 - 8*y - 3*y**2 + u*y. What are the prime factors of l(-4)?
3, 7
Let x(q) = q**2 - 7. Let l(z) = 2*z**2 + 11*z - 4. Suppose 5*t + 5 = 3*s, 2*s + 14 = -3*t - 8. Let o be l(s). What are the prime factors of x(o)?
2, 37
Let h be 3 + 12/1*412/12. Suppose 3*v + h = 8*v. What are the prime factors of v?
83
Suppose -4*a = c + 46 - 10, 4*a - c + 28 = 0. Let r = 13 + a. Suppose -2*z = 3*z - 3*o - 18, -3*z - r*o = -38. What are the prime factors of z?
2, 3
Suppose 1390 = 203*a - 201*a. List the prime factors of a.
5, 139
Suppose 4*b = -p + 2*p - 349, 0 = 4*p - 5*b - 1418. What are the prime factors of 2/((14/p)/((-2)/(-6)))?
17
Let k(m) be the third derivative of m**6/120 - 23*m**5/120 + m**4/3 + 6*m**2. Let v(p) be the second derivative of k(p). List the prime factors of v(11).
43
Suppose y - 5 = -0. Suppose 0 = 2*m + y*w - 122, -2*w = 2*m - 93 - 17. List the prime factors of m.
3, 17
Let p(v) = 4*v**2 + 2. Let a(m) = -m**3 - 3*m**2 + 3*m - 3. Let g be a(3). Let h be (-2)/(-3) + g/18. List the prime factors of p(h).
2, 3
Suppose -5*o - 6 = -8*o. Suppose -2*s - o*x + 70 = 0, -s = -3*s - 5*x + 55. Suppose -q + 2*u + 0*u = -s, q - 36 = u. List the prime factors of q.
2
Suppose 4*c + 323 = -673. Let g = 358 + c. List the prime factors of g.
109
Suppose 3*k = 5*k - 14. Suppose 5 = 3*l - k. Let f(m) = m**3 - 3*m**2 - 2*m - 1. List the prime factors of f(l).
7
What are the prime factors of (-15)/5 + 724 + -1?
2, 3, 5
Let n(h) = 7*h**3 + 4*h**2 + 4*h + 4. Let v be n(-2). What are the prime factors of v/(4/(-14) + 16/252)?
2, 3, 11
Let y be 4/14*1 + 8416/(-56). Let i = -78 - y. What are the prime factors of i?
2, 3
Suppose -f - 2*i + 3 = -i, 3*f - 12 = -2*i. Let h be 8/f*(2 + -29). What are the prime factors of (-9)/h + 142/8?
2, 3
Suppose 0 = 2*l + 66 - 68. What are the prime factors of 354*l/(-12)*-4?
2, 59
Let w(n) be the second derivative of n**5/20 + 7*n**4/12 - n**3 + n**2 - n. Let f be ((-63)/(-7) - 10) + -5 + -1. What are the prime factors of w(f)?
2, 11
Suppose 19*f - 24 = 15*f. Suppose -4*c = r - 219, -f*c + r + 166 = -3*c. List the prime factors of c*(5 - (1 + 3)).
5, 11
Let k = -3514 + 8548. What are the prime factors of k?
2, 3, 839
Let w = 24 + -34. Let g = -18 - w. List the prime factors of (3/(-2))/(6/g).
2
Let r(l) = -l**2 - l - 4. Let k be r(0). Let g be 10*k/(60/(-9)). Suppose 4*j - 4*i = 0, 4*j - g = 2*i + 2. List the prime factors of j.
2
Let u = -24 + 26. Suppose 2*q - 275 = -u*q - 3*j, -3*j = -4*q + 269. What are the prime factors of q?
2, 17
Suppose -3*z = -2*z - 980. List the prime factors of z.
2, 5, 7
Let w be 68/14 + 1/7. Suppose 0 = f - 0 - w. Suppose f*v + 3*u = 2 + 34, 0 = -4*v - 3*u + 27. List the prime factors of v.
3
List the prime factors of (3 - -1)*-239*(-2)/4.
2, 239
Let t be 2*1*(-3 + 4). Suppose -3*u + 115 = -t*u. What are the prime factors of u?